{"id":546,"date":"2022-11-30T00:11:10","date_gmt":"2022-11-30T00:11:10","guid":{"rendered":"http:\/\/146.190.40.78\/?page_id=546"},"modified":"2025-11-05T09:22:55","modified_gmt":"2025-11-05T03:22:55","slug":"formulacion-y-evaluacion-de-proyectos","status":"publish","type":"page","link":"https:\/\/valuex.com.sv\/index.php\/formulacion-y-evaluacion-de-proyectos\/","title":{"rendered":"Formulaci\u00f3n y evaluaci\u00f3n de proyectos"},"content":{"rendered":"<p>[cl_row text_color=\u00bblight-text\u00bb background_position=\u00bbleft top\u00bb device_visibility=\u00bb0:none_\u00bb background_image=\u00bbid:693|mime:undefined|url:http%3A%2F%2F146.190.40.78%2Fwp-content%2Fuploads%2F2022%2F12%2Ffondo_evaluacion-150&#215;150.png\u00bb][cl_column horizontal_align=\u00bbmiddle\u00bb device_visibility=\u00bb0:none_\u00bb][cl_row_inner][cl_column_inner text_color=\u00bblight-text\u00bb background_image=\u00bbid:|mime:|url:\u00bb][cl_icon size=\u00bb99&#8243; align=\u00bbcenter\u00bb icon=\u00bbcl-icon-tools\u00bb color=\u00bb#ffffff\u00bb][cl_custom_heading]<\/p>\n<div class=\"cont_title_evaluacion\">\n<p class=\"title_evaluacion\">Formulaci\u00f3n y Evaluaci\u00f3n de Proyectos<\/p>\n<\/div>\n<p>[\/cl_custom_heading][cl_divider color=\u00bb#ffffff\u00bb][cl_text custom_typography=\u00bb1&#8243; text_font_size=\u00bb19&#8243; text_line_height=\u00bb39&#8243;]Nuestro objetivo es Formular y Evaluar proyectos considerando los requisitos de instituciones financieras para sustentar una posible b\u00fasqueda de financiamiento, pero principalmente para determinar la rentabilidad tanto para el flujo del proyecto como para el flujo correspondiente a los inversionistas.<br \/>\n[\/cl_text][\/cl_column_inner][\/cl_row_inner][cl_row_inner][cl_column_inner][cl_text custom_typography=\u00bb1&#8243; text_font_size=\u00bb24&#8243; text_font_weight=\u00bb600&#8243; text_line_height=\u00bb35&#8243;]Facilitamos la comunicaci\u00f3n entre socios y entre banco\/cliente, mostrando de forma objetiva el potencial de propuestas provenientes de diferentes de Sectores Productivos y Comerciales, en la forma de:[\/cl_text][\/cl_column_inner][\/cl_row_inner][cl_row_inner][cl_column_inner width=\u00bb1\/4&#8243; text_color=\u00bblight-text\u00bb border_color=\u00bb#ffffff\u00bb][cl_text custom_typography=\u00bb1&#8243; text_font_size=\u00bb26&#8243; text_font_weight=\u00bb300&#8243;]<\/p>\n<div class=\"cont_seccion_evaluacion2\">\n<div class=\"cont_title_gen_evaluacion2\">\n<div class=\"cont_title_evaluacion2 zoom\">\n<p class=\"title_evaluacion_sub2_1\">Perfiles<\/p>\n<\/div>\n<\/div>\n<\/div>\n<div class=\"cont_seccion_evaluacion3\">\n<div class=\"cont_text_seccion3\">\n<div class=\"cont_text_evaluacion3\">\n<div class=\"cont_evaluacion_title3\"><\/div>\n<\/div>\n<\/div>\n<\/div>\n<p>[\/cl_text][\/cl_column_inner][cl_column_inner width=\u00bb1\/4&#8243;][cl_text custom_typography=\u00bb1&#8243; text_font_size=\u00bb26&#8243; text_font_weight=\u00bb300&#8243; text_line_height=\u00bb24&#8243;]<\/p>\n<div class=\"cont_seccion_evaluacion2\">\n<div class=\"cont_title_gen_evaluacion2\">\n<div class=\"cont_title_evaluacion2 zoom\">\n<p>An\u00e1lisis de Pre factibilidad<\/p>\n<\/div>\n<\/div>\n<\/div>\n<div class=\"cont_seccion_evaluacion3\">\n<div class=\"cont_text_seccion3\">\n<div class=\"cont_text_evaluacion3\">\n<div class=\"cont_evaluacion_title3\"><\/div>\n<\/div>\n<\/div>\n<\/div>\n<p>[\/cl_text][\/cl_column_inner][cl_column_inner width=\u00bb1\/4&#8243;][cl_text custom_typography=\u00bb1&#8243; text_font_size=\u00bb26&#8243; text_font_weight=\u00bb300&#8243; text_line_height=\u00bb24&#8243;]<\/p>\n<div class=\"cont_seccion_evaluacion2\">\n<div class=\"cont_title_gen_evaluacion2\">\n<div class=\"cont_title_evaluacion2 zoom\">\n<p>Planes de Negocio e Inversiones<\/p>\n<\/div>\n<\/div>\n<\/div>\n<div class=\"cont_seccion_evaluacion3\">\n<div class=\"cont_text_seccion3\">\n<div class=\"cont_text_evaluacion3\">\n<div class=\"cont_evaluacion_title3\"><\/div>\n<\/div>\n<\/div>\n<\/div>\n<p>[\/cl_text][\/cl_column_inner][cl_column_inner width=\u00bb1\/4&#8243;][cl_text custom_typography=\u00bb1&#8243; text_font_size=\u00bb26&#8243; text_font_weight=\u00bb300&#8243; text_line_height=\u00bb24&#8243;]<\/p>\n<div class=\"cont_seccion_evaluacion2\">\n<div class=\"cont_title_gen_evaluacion2\">\n<div class=\"cont_title_evaluacion2 zoom\">\n<p>Planes Maestros y sus etapas<\/p>\n<\/div>\n<\/div>\n<\/div>\n<div class=\"cont_seccion_evaluacion3\">\n<div class=\"cont_text_seccion3\">\n<div class=\"cont_text_evaluacion3\">\n<div class=\"cont_evaluacion_title3\"><\/div>\n<\/div>\n<\/div>\n<\/div>\n<p>[\/cl_text][\/cl_column_inner][\/cl_row_inner][cl_row_inner][cl_column_inner][cl_text custom_typography=\u00bb1&#8243; text_font_size=\u00bb24&#8243; text_font_weight=\u00bb600&#8243; text_line_height=\u00bb35&#8243;]<\/p>\n<p>Nuestra Metodolog\u00eda incluye<\/p>\n<p>[\/cl_text][cl_list distance=\u00bb14&#8243;][cl_list_item]<\/p>\n<p style=\"font-size: 17px;text-align: left\">Reuniones de trabajo con los inversionistas para traducir a lenguaje de proyectos y lenguaje bancarios las caracter\u00edsticas del proyecto.<\/p>\n<p>[\/cl_list_item][cl_list_item]<\/p>\n<p style=\"font-size: 17px;text-align: left\">Definici\u00f3n de la elegibilidad que el cliente posee ante las instituciones financieras.<\/p>\n<p>[\/cl_list_item][cl_list_item]<\/p>\n<p style=\"font-size: 17px;text-align: left\">Estudio de mercado bajo el esquema de competitividad del Dr. Michel Porter.<\/p>\n<p>[\/cl_list_item][cl_list_item]<\/p>\n<p style=\"font-size: 17px;text-align: left\">Revisi\u00f3n y definici\u00f3n de los componentes del proyecto de acuerdo a las caracter\u00edsticas de competitividad del mercado.<\/p>\n<p>[\/cl_list_item][cl_list_item]<\/p>\n<p style=\"font-size: 17px;text-align: left\">An\u00e1lisis de impactos f\u00edsicos y medioambientales, para dar cumplimiento a las exigencias del Ministerio de Medioambiente y Recursos Naturales MARN.<\/p>\n<p>[\/cl_list_item][cl_list_item]<\/p>\n<p style=\"font-size: 17px;text-align: left\">Proyecciones operativas y evaluaci\u00f3n financiera.<\/p>\n<p>[\/cl_list_item][cl_list_item]<\/p>\n<p style=\"font-size: 17px;text-align: left\">Conclusiones y Recomendaciones.<\/p>\n<p>[\/cl_list_item][\/cl_list][cl_text custom_typography=\u00bb1&#8243; text_font_size=\u00bb19&#8243; text_line_height=\u00bb39&#8243;]<\/p>\n<p>Nuestro Valor Agregado se relaciona con indicadores de salida que en diferentes etapas permite modificar el proyecto o recomendar que no se lleve a cabo.<\/p>\n<p>[\/cl_text][\/cl_column_inner][\/cl_row_inner][\/cl_column][\/cl_row]<\/p>\n","protected":false},"excerpt":{"rendered":"<p>[cl_row text_color=\u00bblight-text\u00bb background_position=\u00bbleft top\u00bb device_visibility=\u00bb0:none_\u00bb background_image=\u00bbid:693|mime:undefined|url:http%3A%2F%2F146.190.40.78%2Fwp-content%2Fuploads%2F2022%2F12%2Ffondo_evaluacion-150&#215;150.png\u00bb][cl_column horizontal_align=\u00bbmiddle\u00bb device_visibility=\u00bb0:none_\u00bb][cl_row_inner][cl_column_inner text_color=\u00bblight-text\u00bb background_image=\u00bbid:|mime:|url:\u00bb][cl_icon size=\u00bb99&#8243; align=\u00bbcenter\u00bb icon=\u00bbcl-icon-tools\u00bb color=\u00bb#ffffff\u00bb][cl_custom_heading] Formulaci\u00f3n y Evaluaci\u00f3n de Proyectos [\/cl_custom_heading][cl_divider color=\u00bb#ffffff\u00bb][cl_text custom_typography=\u00bb1&#8243; text_font_size=\u00bb19&#8243; text_line_height=\u00bb39&#8243;]Nuestro objetivo es Formular y Evaluar proyectos considerando los requisitos de instituciones financieras para sustentar una posible [&hellip;]<\/p>\n","protected":false},"author":1,"featured_media":0,"parent":0,"menu_order":0,"comment_status":"closed","ping_status":"closed","template":"","meta":{"footnotes":""},"class_list":["post-546","page","type-page","status-publish","hentry"],"_links":{"self":[{"href":"https:\/\/valuex.com.sv\/index.php\/wp-json\/wp\/v2\/pages\/546","targetHints":{"allow":["GET"]}}],"collection":[{"href":"https:\/\/valuex.com.sv\/index.php\/wp-json\/wp\/v2\/pages"}],"about":[{"href":"https:\/\/valuex.com.sv\/index.php\/wp-json\/wp\/v2\/types\/page"}],"author":[{"embeddable":true,"href":"https:\/\/valuex.com.sv\/index.php\/wp-json\/wp\/v2\/users\/1"}],"replies":[{"embeddable":true,"href":"https:\/\/valuex.com.sv\/index.php\/wp-json\/wp\/v2\/comments?post=546"}],"version-history":[{"count":25,"href":"https:\/\/valuex.com.sv\/index.php\/wp-json\/wp\/v2\/pages\/546\/revisions"}],"predecessor-version":[{"id":2549,"href":"https:\/\/valuex.com.sv\/index.php\/wp-json\/wp\/v2\/pages\/546\/revisions\/2549"}],"wp:attachment":[{"href":"https:\/\/valuex.com.sv\/index.php\/wp-json\/wp\/v2\/media?parent=546"}],"curies":[{"name":"wp","href":"https:\/\/api.w.org\/{rel}","templated":true}]}}