{"id":538,"date":"2022-11-30T00:04:16","date_gmt":"2022-11-30T00:04:16","guid":{"rendered":"http:\/\/146.190.40.78\/?page_id=538"},"modified":"2025-11-05T09:12:51","modified_gmt":"2025-11-05T03:12:51","slug":"historia","status":"publish","type":"page","link":"https:\/\/valuex.com.sv\/index.php\/historia\/","title":{"rendered":"Historia"},"content":{"rendered":"<p>[cl_row background_position=\u00bbleft top\u00bb device_visibility=\u00bb0:none_\u00bb background_image=\u00bbid:586|mime:undefined|url:http%3A%2F%2F146.190.40.78%2Fwp-content%2Fuploads%2F2022%2F11%2Fhistoria_fondo-150&#215;150.png\u00bb][cl_column][cl_media position=\u00bbcenter\u00bb image_size=\u00bb1536&#215;1536&#8243; custom_width_bool_media=\u00bb1&#8243; image=\u00bbid:589|url:http%253A%252F%252F146.190.40.78%252Fwp-content%252Fuploads%252F2022%252F11%252Flogo.png\u00bb shadow=\u00bb0&#8243;][cl_text margin_paragraphs=\u00bb31&#8243; custom_typography=\u00bb1&#8243; text_font_size=\u00bb17&#8243; text_line_height=\u00bb27&#8243;]<\/p>\n<p>Desde antes de 2005 cuando nos constituimos legalmente como una sociedad, tuvimos para nuestra firma la visi\u00f3n de llegar a ser un equipo multidisciplinario que apoyara a otras empresas en la Formulaci\u00f3n y Evaluaci\u00f3n de sus proyectos, con un planteamiento moderno, generador de valor agregado y potenciador de competitividad, capaz de contribuir a la obtenci\u00f3n de la rentabilidad adecuada sobre las inversiones.<\/p>\n<p>Esta relaci\u00f3n con clientes pertenecientes al sector de alimentos, al turismo, al comercio, a las finanzas, entre otros; contribuy\u00f3 al fortalecimiento de nuestras capacidades, permiti\u00e9ndonos atender la especialidad de Estudios de Valor (Val\u00faos) de Empresas en Marcha, de Terrenos, de Edificaciones, de Veh\u00edculos, de Equipos y toda clase de Activos.<\/p>\n<p>Fortalecidos como equipo, ahora gestionamos de manera integral apuestas de inversi\u00f3n, permitiendo que nuestros clientes no se distraigan de su actividad principal, mientras nos encargamos de las etapas de preparaci\u00f3n-factibilidad, de la bancarizaci\u00f3n y de la puesta en marcha.<\/p>\n<p>La valoraci\u00f3n es nuestra pasi\u00f3n, sin importar el tama\u00f1o de las inversiones nos convencimos que m\u00e1s all\u00e1 del valor monetario, profundizar el an\u00e1lisis y relacionar las variables macroecon\u00f3micas, de organizaci\u00f3n, de mercado, de finanzas, de banca, de tecnolog\u00eda, etc., debe ser y es una prioridad para comprender lo complejo de cada circunstancia y as\u00ed proponer la mejor respuesta ante una asesor\u00eda, un val\u00fao, una formulaci\u00f3n, una certificaci\u00f3n o seg\u00fan sea el caso en la gesti\u00f3n integral de las inversiones.<\/p>\n<p>VALUEX es la materializaci\u00f3n de un sue\u00f1o, que da respuesta a las inquietudes de los empresarios, de las instituciones p\u00fablicas o privadas ante preguntas tan singulares como: \u00bfDebe hacerse?, \u00bfEs rentable?, \u00bfEs conveniente?, \u00bfCu\u00e1nto vale?.<\/p>\n<p>VALUEX es una marca de EQ Evaluaciones, SA de CV.<\/p>\n<p>[\/cl_text][\/cl_column][\/cl_row]<\/p>\n","protected":false},"excerpt":{"rendered":"<p>[cl_row background_position=\u00bbleft top\u00bb device_visibility=\u00bb0:none_\u00bb background_image=\u00bbid:586|mime:undefined|url:http%3A%2F%2F146.190.40.78%2Fwp-content%2Fuploads%2F2022%2F11%2Fhistoria_fondo-150&#215;150.png\u00bb][cl_column][cl_media position=\u00bbcenter\u00bb image_size=\u00bb1536&#215;1536&#8243; custom_width_bool_media=\u00bb1&#8243; image=\u00bbid:589|url:http%253A%252F%252F146.190.40.78%252Fwp-content%252Fuploads%252F2022%252F11%252Flogo.png\u00bb shadow=\u00bb0&#8243;][cl_text margin_paragraphs=\u00bb31&#8243; custom_typography=\u00bb1&#8243; text_font_size=\u00bb17&#8243; text_line_height=\u00bb27&#8243;] Desde antes de 2005 cuando nos constituimos legalmente como una sociedad, tuvimos para nuestra firma la visi\u00f3n de llegar a ser un equipo multidisciplinario que apoyara [&hellip;]<\/p>\n","protected":false},"author":1,"featured_media":0,"parent":0,"menu_order":0,"comment_status":"closed","ping_status":"closed","template":"","meta":{"footnotes":""},"class_list":["post-538","page","type-page","status-publish","hentry"],"_links":{"self":[{"href":"https:\/\/valuex.com.sv\/index.php\/wp-json\/wp\/v2\/pages\/538","targetHints":{"allow":["GET"]}}],"collection":[{"href":"https:\/\/valuex.com.sv\/index.php\/wp-json\/wp\/v2\/pages"}],"about":[{"href":"https:\/\/valuex.com.sv\/index.php\/wp-json\/wp\/v2\/types\/page"}],"author":[{"embeddable":true,"href":"https:\/\/valuex.com.sv\/index.php\/wp-json\/wp\/v2\/users\/1"}],"replies":[{"embeddable":true,"href":"https:\/\/valuex.com.sv\/index.php\/wp-json\/wp\/v2\/comments?post=538"}],"version-history":[{"count":7,"href":"https:\/\/valuex.com.sv\/index.php\/wp-json\/wp\/v2\/pages\/538\/revisions"}],"predecessor-version":[{"id":2543,"href":"https:\/\/valuex.com.sv\/index.php\/wp-json\/wp\/v2\/pages\/538\/revisions\/2543"}],"wp:attachment":[{"href":"https:\/\/valuex.com.sv\/index.php\/wp-json\/wp\/v2\/media?parent=538"}],"curies":[{"name":"wp","href":"https:\/\/api.w.org\/{rel}","templated":true}]}}